y 548/4 + -9 + 1 + 19?
125
Let y be (9/(-6))/(2/(-4)). Let q = y - -5. What is the remainder when q is divided by (1/((-5)/(-2)))/(45/225)?
0
Calculate the remainder when 418 is divided by 25/(-12)*-28 + (-5)/(-3).
58
Suppose 49*m - g - 13 = 48*m, -3*m = 54*g + 189. What is the remainder when (-264)/3*10/(-8) is divided by m?
2
Suppose 3*s - 8*s - 2*j + 37893 = 0, 5*s - 37899 = 4*j. Calculate the remainder when s is divided by 21.
19
Suppose -3*w = -3*a - 7*w - 1, -2*w = 5*a + 11. What is the remainder when 158 is divided by 5 - (-36 - 0/a)?
35
Let j(u) = u**3 - 95*u**2 - 92*u - 294. What is the remainder when 988 is divided by j(96)?
88
Let v(t) = 3*t + 16. Let q be v(-12). Let f = q + 30. What is the remainder when (8/(-24) - ((-490)/(-15) + -1))*-4 is divided by f?
8
Suppose o = -3*n + 32, -42*n + 47 = -40*n - 3*o. What is the remainder when 725 is divided by n?
10
Let g = -12750 - -12823. Calculate the remainder when 2188 is divided by g.
71
Let f(l) = -2*l**2 - 7*l + 15. Suppose -2*n - 15 = 3*v, -4*v - 10 = -3*n - 2*v. What is the remainder when 162 is divided by f(n)?
12
Let r = 3839 + -3804. What is the remainder when 9/12 - (-829)/4 is divided by r?
33
What is the remainder when 353 is divided by 19/(152/2800) - (2 + -1)?
4
Suppose -104*d + 881866 = 333*d. Calculate the remainder when d is divided by 2013.
5
Let f(r) = 2*r**2 - 564*r + 12431. Let g(u) = -40*u - 7. Calculate the remainder when g(-6) is divided by f(24).
45
Let z be (4 + -1)*8/((-56)/7). Let w(r) = -r**3 + r**2 + r + 15. What is the remainder when (-1012)/(-22) + (z - 2/2) is divided by w(0)?
12
Suppose 26*z - 25*z - 3*x = 36, 5*z - 129 = -2*x. What is the remainder when 87 is divided by z/1 - (-4 + 0)?
25
Calculate the remainder when ((-2188)/8)/((-2)/24)*(-620)/(-372) is divided by 25.
20
Suppose -191 = -5*g - i, 2*g - 62 = 13*i - 11*i. Calculate the remainder when 4698 is divided by g.
36
Let v = 2459 - 2425. What is the remainder when 364 is divided by v?
24
Suppose 367 = 3*t - 4*y, 0 = 4*t - y + 188 - 660. What is the remainder when t is divided by 105?
12
Suppose -2*a + 20 = 3*u, -u = 5*a - 15 - 9. Suppose 3*c = h + u*h - 1048, -20 = -5*c. Calculate the remainder when h is divided by 27.
23
Suppose -14*g - 64 - 6 = 0. What is the remainder when ((-63)/14 - g) + (-89)/(-2) is divided by 4?
1
Let r be (-5)/(50/(-8))*30. Suppose 3*v - v = r. Suppose 55*y - 31 - 3214 = 0. What is the remainder when y is divided by v?
11
Calculate the remainder when 5158 is divided by (8 - -3)*(-3345)/(-2453).
13
Suppose 0*w = -w + 3, 4*c = w + 53. Calculate the remainder when ((-7)/(-21))/((-5)/(-1035)) is divided by c.
13
Suppose -40953 = -607*r + 556*r. What is the remainder when r is divided by 249?
56
What is the remainder when 28840/19 - (-4)/(-114)*(-1 + -2) is divided by 95?
93
Suppose 8 = 2*k - k. Let m(j) = -7 - 4 + j**3 + k*j**2 + 10*j + 9. What is the remainder when m(-6) is divided by 2?
0
What is the remainder when 672/(-18)*(-36)/6 is divided by (-2 - (-40)/22) + (-1698)/(-22)?
70
Suppose -3*n = o - 7 - 26, -2*o + 74 = 2*n. Suppose 10*q = 7*q. Suppose -30 + q = -3*m. Calculate the remainder when o is divided by m.
9
Let t = -17 + 20. Suppose t*o - 1 = 4*w + 11, w = -3*o + 27. Suppose 3*m = o + 73. Calculate the remainder when 51 is divided by m.
24
Suppose 0 = 3*t + 5*k + 359, 0*t + 4*k + 594 = -5*t. Calculate the remainder when 37 is divided by -5*t/30 + 2/(-3).
18
Let r = 13480 - 13362. Calculate the remainder when 468 is divided by r.
114
Let n be (-4)/(-3)*-27*9/(-108). Suppose 7*a - x = 205, n*x - 5 = 2*x. What is the remainder when a is divided by (-26)/(-3) + 14/(-21)?
6
Let h = -18850 - -18886. Calculate the remainder when 317 is divided by h.
29
Let d be 2/(-7*(-18)/693). Let t(q) = 83*q - 277. What is the remainder when t(d) is divided by 71?
68
What is the remainder when 547 is divided by (-96)/(-224) - (3 - (-662)/(-7))?
87
What is the remainder when 4766 is divided by ((-1080)/648)/(((-2)/72)/((-2)/(-4)))?
26
Let a = 21 - 13. Suppose 4*x - 8*x = 12. What is the remainder when 3/2*14/x*-3 is divided by a?
5
Suppose 0 = -50*o + 54*o + 176. Calculate the remainder when 357 is divided by 11*o/(-12) + 3/(-9).
37
Let v = -7 + 9. Suppose v*f + f = -w + 43, 4 = -2*w. Let t(j) = -j**3 - 5*j**2 + j + 23. What is the remainder when f is divided by t(-4)?
0
Suppose 2*g - 7*g = -3080. Suppose 0 = -7*o + 56 - g. Let y = -34 - o. What is the remainder when y is divided by 24?
22
Let p = 3402 - 3369. What is the remainder when 307 is divided by p?
10
Suppose 0 = -3*z + 72 + 222. Suppose 0 = -2*h + 3*a + 127 + z, 4*h - 425 = a. Calculate the remainder when h is divided by 30.
15
Suppose -5*s - 199 = l, -3*s = -5*l - 0*s - 911. Let b be 5*(-4 + 6 - 3). Calculate the remainder when 16 is divided by (l/115)/(2/b).
0
Suppose -2*m - 4*c = -m - 30, 0 = 5*m - 4*c - 150. Calculate the remainder when 71 is divided by (-8)/((-48)/m) - 15/(-1).
11
Let j = 3505 - -222. Calculate the remainder when j is divided by 16.
15
Calculate the remainder when 2287 is divided by 18 - (8/10 - 903/(-215)).
12
Calculate the remainder when ((-89955)/3)/(9 + -14) is divided by 16.
13
Let r(w) = -44*w**2 + w. Let b be r(-1). Let h = b + 106. What is the remainder when h is divided by 33?
28
Suppose -12*n + 15*n + 1348 = -2*m, 2*m - 3*n = -1324. Let h = -575 - m. What is the remainder when 266 is divided by h?
80
What is the remainder when (10294/(-8))/((-323)/152 - -2) is divided by 271?
267
Let c(h) = -5*h**3 + 4*h + 2. Let p = -33 - -31. Calculate the remainder when c(p) is divided by 21.
13
Let u(n) = -n**2 + 5*n + 3. Let m be u(4). Suppose -4*b - 69 = -m*b. Calculate the remainder when b is divided by (33/6 + 0 + 404/(-808))/1.
3
Let h(r) = 112*r - 735. What is the remainder when h(20) is divided by 58?
55
Let j(r) = 7*r**2 + 7*r - 9. Let y(b) = b**2 + b. Suppose 5*i = -9 - 1. Let f(g) = i*y(g) + j(g). What is the remainder when 82 is divided by f(2)?
19
Let v(p) = p**3 - 17*p**2 + 63*p - 76. Calculate the remainder when 1455 is divided by v(13).
48
Suppose -5*g + 8 = -5*q - 7*g, -g - 9 = 5*q. What is the remainder when 29 is divided by 1309/121 - q/11?
7
Suppose -r + 18 = 2*f, -2*f + 0*f - 4*r = -6. Suppose 264 = 4*y - 2*v, -6*v = -f*v. What is the remainder when 657 is divided by y?
63
Let p(x) = 3*x**2 + 9*x + 51. What is the remainder when p(-38) is divided by 1346?
3
Let l(h) = -h**2 - 25*h - 72. Let a = -699 - -684. What is the remainder when l(a) is divided by 20?
18
Suppose 19*j - 123227 = 148*j - 483008. Calculate the remainder when j is divided by 30.
29
Let n(l) = -l**2 + 3*l + 4. Let f be n(-2). Let t(s) = s**3 + 8*s**2 + 8*s. Let w(j) = 74*j - 288. Calculate the remainder when w(5) is divided by t(f).
10
Let s(h) = 0 - 2 + 5 + h**2. Let p be s(0). Suppose -4*x + 36 = 4*l - 8, p*l - 34 = -2*x. Calculate the remainder when 35 is divided by l.
11
Calculate the remainder when ((-1525)/(-61))/((-1)/(-9)*3) is divided by 14.
5
Suppose 141*j + 136 = 137*j. Let r = 32 - j. Calculate the remainder when r is divided by 15.
6
Let j be (9/(-12))/(-3 - 22/(-8)). Suppose -2*o - 8 = 5*w, -3*o = -j*w + w - 26. What is the remainder when 42 is divided by o?
0
Suppose 54*p - 201020 = -22*p. What is the remainder when p is divided by 21?
20
Suppose 5*r - 185 = 125. Suppose -z - 2*y - 2 = -25, -3*z + 104 = -y. What is the remainder when r is divided by z?
29
Let d(h) = 2*h**3 + 25*h**2 + 16*h + 23. Let r be d(-12). Let m be (-10)/r - (-186)/10. Suppose m = 2*s - 73. Calculate the remainder when 182 is divided by s.
44
Suppose 0 = 332*v + 305*v - 77181 + 15392. What is the remainder when v is divided by 1/(-4) + 57/4?
13
Let r = -106 + 106. Suppose 4*m - 4*t - 24 = r, 2*m - 4*m = 5*t + 9. Let v = -4 + 6. Calculate the remainder when m is divided by v.
1
Let f = -14782 + 15131. Calculate the remainder when f is divided by 35.
34
Let t be 8 + (-16)/(-8)*(-6)/4. Suppose 4*k - 3662 = -2*p - 272, -4200 = -5*k + t*p. Suppose k = -5*u + 18*u. Calculate the remainder when u is divided by 33.
32
Suppose -2008 = -58*o + 127227 + 1729. What is the remainder when o is divided by 283?
277
Suppose -56426 + 51986 = -74*f. What is the remainder when f is divided by (-90)/(-8) - 1/4?
5
Suppose -223*q + 219*q + 3016 = 0. 